{"id":5656,"date":"2025-10-03T21:13:36","date_gmt":"2025-10-03T19:13:36","guid":{"rendered":"https:\/\/demo.alenmultimedia.es\/emao\/?page_id=5656"},"modified":"2025-12-04T21:44:52","modified_gmt":"2025-12-04T20:44:52","slug":"venres-da-emao","status":"publish","type":"page","link":"https:\/\/demo.alenmultimedia.es\/emao\/venres-da-emao\/","title":{"rendered":"Venres da EMAO"},"content":{"rendered":"\t\t<div data-elementor-type=\"wp-page\" data-elementor-id=\"5656\" class=\"elementor elementor-5656\" data-elementor-post-type=\"page\">\n\t\t\t\t<div class=\"elementor-element elementor-element-7865064 e-flex e-con-boxed e-con e-parent\" data-id=\"7865064\" data-element_type=\"container\">\n\t\t\t\t\t<div class=\"e-con-inner\">\n\t\t\t\t<div class=\"elementor-element elementor-element-e106ae2 elementor-widget elementor-widget-search\" data-id=\"e106ae2\" data-element_type=\"widget\" data-settings=\"{&quot;submit_trigger&quot;:&quot;click_submit&quot;,&quot;pagination_type_options&quot;:&quot;none&quot;}\" data-widget_type=\"search.default\">\n\t\t\t\t<div class=\"elementor-widget-container\">\n\t\t\t\t\t\t\t<search class=\"e-search hidden\" role=\"search\">\n\t\t\t<form class=\"e-search-form\" action=\"https:\/\/demo.alenmultimedia.es\/emao\" method=\"get\">\n\n\t\t\t\t\n\t\t\t\t<label class=\"e-search-label\" for=\"search-e106ae2\">\n\t\t\t\t\t<span class=\"elementor-screen-only\">\n\t\t\t\t\t\tSearch\t\t\t\t\t<\/span>\n\t\t\t\t\t\t\t\t\t<\/label>\n\n\t\t\t\t<div class=\"e-search-input-wrapper\">\n\t\t\t\t\t<input id=\"search-e106ae2\" placeholder=\"Busca Venres da EMAO aqu\u00ed...\" class=\"e-search-input\" type=\"search\" name=\"s\" value=\"\" autocomplete=\"off\" role=\"combobox\" aria-autocomplete=\"list\" aria-expanded=\"false\" aria-controls=\"results-e106ae2\" aria-haspopup=\"listbox\">\n\t\t\t\t\t<svg aria-hidden=\"true\" class=\"e-font-icon-svg e-fas-times\" viewBox=\"0 0 352 512\" xmlns=\"http:\/\/www.w3.org\/2000\/svg\"><path d=\"M242.72 256l100.07-100.07c12.28-12.28 12.28-32.19 0-44.48l-22.24-22.24c-12.28-12.28-32.19-12.28-44.48 0L176 189.28 75.93 89.21c-12.28-12.28-32.19-12.28-44.48 0L9.21 111.45c-12.28 12.28-12.28 32.19 0 44.48L109.28 256 9.21 356.07c-12.28 12.28-12.28 32.19 0 44.48l22.24 22.24c12.28 12.28 32.2 12.28 44.48 0L176 322.72l100.07 100.07c12.28 12.28 32.2 12.28 44.48 0l22.24-22.24c12.28-12.28 12.28-32.19 0-44.48L242.72 256z\"><\/path><\/svg>\t\t\t\t\t\t\t\t\t\t<output id=\"results-e106ae2\" class=\"e-search-results-container hide-loader\" aria-live=\"polite\" aria-atomic=\"true\" aria-label=\"Results for search\" tabindex=\"0\">\n\t\t\t\t\t\t<div class=\"e-search-results\"><\/div>\n\t\t\t\t\t\t\t\t\t\t\t<\/output>\n\t\t\t\t\t\t\t\t\t<\/div>\n\t\t\t\t\n\t\t\t\t\n\t\t\t\t<button class=\"e-search-submit  \" type=\"submit\">\n\t\t\t\t\t\n\t\t\t\t\t\t\t\t\t\t<span class=\"\">\n\t\t\t\t\t\tBUSCAR\t\t\t\t\t<\/span>\n\t\t\t\t\t\t\t\t\t<\/button>\n\t\t\t\t<input type=\"hidden\" name=\"e_search_props\" value=\"e106ae2-5656\">\n\t\t\t<\/form>\n\t\t<\/search>\n\t\t\t\t\t\t<\/div>\n\t\t\t\t<\/div>\n\t\t\t\t<div class=\"elementor-element elementor-element-7707fa7 elementor-widget elementor-widget-text-editor\" data-id=\"7707fa7\" data-element_type=\"widget\" data-widget_type=\"text-editor.default\">\n\t\t\t\t<div class=\"elementor-widget-container\">\n\t\t\t\t\t\t\t\t\t<p>Os \u201cVenres da EMAO\u201d \u00e9 un programa, de periodicidade semanal, de actividades relacionadas coa tem\u00e1tica das especialidades e finalidades formativas e culturais da escola, abertas ao seu alumnado actual e antigo, e ao p\u00fablico en xeral.<\/p><p>Tr\u00e1tase dunha programaci\u00f3n ideada e dese\u00f1ada pola direcci\u00f3n, xefatura de estudos e profesorado da Escola, organizada e producida por esta, con recursos humanos e materiais propios, na que participan todas as especialidades da EMAO.<\/p><p>Deste xeito, progr\u00e1manse actividades de moi diversa tipolox\u00eda: clases maxistrais de persoas externas ou de mestres da especialidade, conferencias, demostraci\u00f3ns, presentaci\u00f3ns do traballo ou obra de persoas relevantes ou interesantes nun \u00e1mbito relacionado con algunha\u00a0 das especialidades e\/ou actividades da escola, proxecci\u00f3n de pel\u00edculas de interese tem\u00e1tico (cinef\u00f3rum)\u2026<\/p><p>Desenv\u00f3lvense habitualmente na Hemeroteca-Biblioteca da Escola Municipal de Artes e Oficios da EMAO, os venres lectivos do ano, entre as 19.00h e as 21.00h, coas excepci\u00f3ns motivadas pola dispo\u00f1ibilidade e posible duplicidade de actos.<\/p>\t\t\t\t\t\t\t\t<\/div>\n\t\t\t\t<\/div>\n\t\t\t\t<div class=\"elementor-element elementor-element-36cb6f4 elementor-grid-3 elementor-grid-tablet-2 elementor-grid-mobile-1 elementor-posts--thumbnail-top elementor-widget elementor-widget-posts\" data-id=\"36cb6f4\" data-element_type=\"widget\" data-settings=\"{&quot;pagination_type&quot;:&quot;load_more_infinite_scroll&quot;,&quot;classic_columns&quot;:&quot;3&quot;,&quot;classic_columns_tablet&quot;:&quot;2&quot;,&quot;classic_columns_mobile&quot;:&quot;1&quot;,&quot;classic_row_gap&quot;:{&quot;unit&quot;:&quot;px&quot;,&quot;size&quot;:35,&quot;sizes&quot;:[]},&quot;classic_row_gap_tablet&quot;:{&quot;unit&quot;:&quot;px&quot;,&quot;size&quot;:&quot;&quot;,&quot;sizes&quot;:[]},&quot;classic_row_gap_mobile&quot;:{&quot;unit&quot;:&quot;px&quot;,&quot;size&quot;:&quot;&quot;,&quot;sizes&quot;:[]},&quot;load_more_spinner&quot;:{&quot;value&quot;:&quot;fas fa-spinner&quot;,&quot;library&quot;:&quot;fa-solid&quot;}}\" data-widget_type=\"posts.classic\">\n\t\t\t\t<div class=\"elementor-widget-container\">\n\t\t\t\t\t\t\t<div class=\"elementor-posts-container elementor-posts elementor-posts--skin-classic elementor-grid\" role=\"list\">\n\t\t\t\t<article class=\"elementor-post elementor-grid-item post-6288 post type-post status-publish format-standard has-post-thumbnail hentry category-deseno-e-encaixe-de-palillos category-novas category-venres-da-emao\" role=\"listitem\">\n\t\t\t\t<a class=\"elementor-post__thumbnail__link\" href=\"https:\/\/demo.alenmultimedia.es\/emao\/novas\/venres-da-emao-presenta-nespoon-unha-ollada-ao-encaixe-a-traves-do-graffiti\/\" tabindex=\"-1\" >\n\t\t\t<div class=\"elementor-post__thumbnail\"><img fetchpriority=\"high\" decoding=\"async\" width=\"719\" height=\"1519\" src=\"https:\/\/demo.alenmultimedia.es\/emao\/wp-content\/uploads\/2026\/02\/0001-crop.jpg\" class=\"attachment-2048x2048 size-2048x2048 wp-image-6289\" alt=\"\" srcset=\"https:\/\/demo.alenmultimedia.es\/emao\/wp-content\/uploads\/2026\/02\/0001-crop.jpg 719w, https:\/\/demo.alenmultimedia.es\/emao\/wp-content\/uploads\/2026\/02\/0001-crop-142x300.jpg 142w, https:\/\/demo.alenmultimedia.es\/emao\/wp-content\/uploads\/2026\/02\/0001-crop-485x1024.jpg 485w, https:\/\/demo.alenmultimedia.es\/emao\/wp-content\/uploads\/2026\/02\/0001-crop-320x676.jpg 320w, https:\/\/demo.alenmultimedia.es\/emao\/wp-content\/uploads\/2026\/02\/0001-crop-480x1014.jpg 480w, https:\/\/demo.alenmultimedia.es\/emao\/wp-content\/uploads\/2026\/02\/0001-crop-100x211.jpg 100w\" sizes=\"(max-width: 719px) 100vw, 719px\" \/><\/div>\n\t\t<\/a>\n\t\t\t\t<div class=\"elementor-post__text\">\n\t\t\t\t<h3 class=\"elementor-post__title\">\n\t\t\t<a href=\"https:\/\/demo.alenmultimedia.es\/emao\/novas\/venres-da-emao-presenta-nespoon-unha-ollada-ao-encaixe-a-traves-do-graffiti\/\" >\n\t\t\t\tVenres da EMAO presenta NeSpoon, unha ollada ao encaixe a trav\u00e9s do graffiti\t\t\t<\/a>\n\t\t<\/h3>\n\t\t\t\t<div class=\"elementor-post__meta-data\">\n\t\t\t\t\t<span class=\"elementor-post-date\">\n\t\t\tFebreiro 19, 2026\t\t<\/span>\n\t\t\t\t<\/div>\n\t\t\t\t<div class=\"elementor-post__excerpt\">\n\t\t\t<p>V\u00eddeo-coloquio, sobre as distintas formas de expresi\u00f3n contempor\u00e1neas coa t\u00e9cnica art\u00edstica do encaixe (palillos, agulla, m\u00e1quina&#8230;).NeSpoon \u00e9 unha artista urbana polaca que leva a linguaxe do encaixe ao espazo p\u00fablico<\/p>\n\t\t<\/div>\n\t\t\t\t\t<div class=\"elementor-post__read-more-wrapper\">\n\t\t\n\t\t<a class=\"elementor-post__read-more\" href=\"https:\/\/demo.alenmultimedia.es\/emao\/novas\/venres-da-emao-presenta-nespoon-unha-ollada-ao-encaixe-a-traves-do-graffiti\/\" aria-label=\"Read more about Venres da EMAO presenta NeSpoon, unha ollada ao encaixe a trav\u00e9s do graffiti\" tabindex=\"-1\" >\n\t\t\tLer m\u00e1is \u00bb\t\t<\/a>\n\n\t\t\t\t\t<\/div>\n\t\t\t\t<\/div>\n\t\t\t\t<\/article>\n\t\t\t\t<article class=\"elementor-post elementor-grid-item post-6254 post type-post status-publish format-standard has-post-thumbnail hentry category-biblioteca category-novas category-venres-da-emao\" role=\"listitem\">\n\t\t\t\t<a class=\"elementor-post__thumbnail__link\" href=\"https:\/\/demo.alenmultimedia.es\/emao\/novas\/venres-da-emao-presenta-a-proxeccion-da-pelicula-midnight-in-paris\/\" tabindex=\"-1\" >\n\t\t\t<div class=\"elementor-post__thumbnail\"><img decoding=\"async\" width=\"827\" height=\"1755\" src=\"https:\/\/demo.alenmultimedia.es\/emao\/wp-content\/uploads\/2026\/02\/Cartaz-VdE-060226.jpg\" class=\"attachment-2048x2048 size-2048x2048 wp-image-6257\" alt=\"\" srcset=\"https:\/\/demo.alenmultimedia.es\/emao\/wp-content\/uploads\/2026\/02\/Cartaz-VdE-060226.jpg 827w, https:\/\/demo.alenmultimedia.es\/emao\/wp-content\/uploads\/2026\/02\/Cartaz-VdE-060226-141x300.jpg 141w, https:\/\/demo.alenmultimedia.es\/emao\/wp-content\/uploads\/2026\/02\/Cartaz-VdE-060226-483x1024.jpg 483w, https:\/\/demo.alenmultimedia.es\/emao\/wp-content\/uploads\/2026\/02\/Cartaz-VdE-060226-768x1630.jpg 768w, https:\/\/demo.alenmultimedia.es\/emao\/wp-content\/uploads\/2026\/02\/Cartaz-VdE-060226-724x1536.jpg 724w, https:\/\/demo.alenmultimedia.es\/emao\/wp-content\/uploads\/2026\/02\/Cartaz-VdE-060226-320x679.jpg 320w, https:\/\/demo.alenmultimedia.es\/emao\/wp-content\/uploads\/2026\/02\/Cartaz-VdE-060226-480x1019.jpg 480w, https:\/\/demo.alenmultimedia.es\/emao\/wp-content\/uploads\/2026\/02\/Cartaz-VdE-060226-800x1698.jpg 800w, https:\/\/demo.alenmultimedia.es\/emao\/wp-content\/uploads\/2026\/02\/Cartaz-VdE-060226-100x212.jpg 100w\" sizes=\"(max-width: 827px) 100vw, 827px\" \/><\/div>\n\t\t<\/a>\n\t\t\t\t<div class=\"elementor-post__text\">\n\t\t\t\t<h3 class=\"elementor-post__title\">\n\t\t\t<a href=\"https:\/\/demo.alenmultimedia.es\/emao\/novas\/venres-da-emao-presenta-a-proxeccion-da-pelicula-midnight-in-paris\/\" >\n\t\t\t\tVenres da EMAO presenta a proxecci\u00f3n da pel\u00edcula &#8220;Midnight in Paris&#8221;\t\t\t<\/a>\n\t\t<\/h3>\n\t\t\t\t<div class=\"elementor-post__meta-data\">\n\t\t\t\t\t<span class=\"elementor-post-date\">\n\t\t\tFebreiro 6, 2026\t\t<\/span>\n\t\t\t\t<\/div>\n\t\t\t\t<div class=\"elementor-post__excerpt\">\n\t\t\t<p>Midnight in Paris \u00e9 unha comedia rom\u00e1ntica que narra a historia duns noivos que pasan uns d\u00edas de turismo en Par\u00eds, antes da s\u00faa inminente voda. El \u00e9 guionista exitoso<\/p>\n\t\t<\/div>\n\t\t\t\t\t<div class=\"elementor-post__read-more-wrapper\">\n\t\t\n\t\t<a class=\"elementor-post__read-more\" href=\"https:\/\/demo.alenmultimedia.es\/emao\/novas\/venres-da-emao-presenta-a-proxeccion-da-pelicula-midnight-in-paris\/\" aria-label=\"Read more about Venres da EMAO presenta a proxecci\u00f3n da pel\u00edcula &#8220;Midnight in Paris&#8221;\" tabindex=\"-1\" >\n\t\t\tLer m\u00e1is \u00bb\t\t<\/a>\n\n\t\t\t\t\t<\/div>\n\t\t\t\t<\/div>\n\t\t\t\t<\/article>\n\t\t\t\t<\/div>\n\t\t\t\t\t<span class=\"e-load-more-spinner\">\n\t\t\t\t<svg aria-hidden=\"true\" class=\"e-font-icon-svg e-fas-spinner\" viewBox=\"0 0 512 512\" xmlns=\"http:\/\/www.w3.org\/2000\/svg\"><path d=\"M304 48c0 26.51-21.49 48-48 48s-48-21.49-48-48 21.49-48 48-48 48 21.49 48 48zm-48 368c-26.51 0-48 21.49-48 48s21.49 48 48 48 48-21.49 48-48-21.49-48-48-48zm208-208c-26.51 0-48 21.49-48 48s21.49 48 48 48 48-21.49 48-48-21.49-48-48-48zM96 256c0-26.51-21.49-48-48-48S0 229.49 0 256s21.49 48 48 48 48-21.49 48-48zm12.922 99.078c-26.51 0-48 21.49-48 48s21.49 48 48 48 48-21.49 48-48c0-26.509-21.491-48-48-48zm294.156 0c-26.51 0-48 21.49-48 48s21.49 48 48 48 48-21.49 48-48c0-26.509-21.49-48-48-48zM108.922 60.922c-26.51 0-48 21.49-48 48s21.49 48 48 48 48-21.49 48-48-21.491-48-48-48z\"><\/path><\/svg>\t\t\t<\/span>\n\t\t\n\t\t\t\t\t\t<\/div>\n\t\t\t\t<\/div>\n\t\t\t\t\t<\/div>\n\t\t\t\t<\/div>\n\t\t\t\t<\/div>\n\t\t","protected":false},"excerpt":{"rendered":"<p>Search BUSCAR Os \u201cVenres da EMAO\u201d \u00e9 un programa, de periodicidade semanal, de actividades relacionadas coa tem\u00e1tica das especialidades e finalidades formativas e culturais da escola, abertas ao seu alumnado &#8230;<\/p>\n","protected":false},"author":7,"featured_media":0,"parent":0,"menu_order":0,"comment_status":"closed","ping_status":"closed","template":"","meta":{"footnotes":""},"class_list":["post-5656","page","type-page","status-publish","hentry","no-post-thumbnail"],"_links":{"self":[{"href":"https:\/\/demo.alenmultimedia.es\/emao\/wp-json\/wp\/v2\/pages\/5656","targetHints":{"allow":["GET"]}}],"collection":[{"href":"https:\/\/demo.alenmultimedia.es\/emao\/wp-json\/wp\/v2\/pages"}],"about":[{"href":"https:\/\/demo.alenmultimedia.es\/emao\/wp-json\/wp\/v2\/types\/page"}],"author":[{"embeddable":true,"href":"https:\/\/demo.alenmultimedia.es\/emao\/wp-json\/wp\/v2\/users\/7"}],"replies":[{"embeddable":true,"href":"https:\/\/demo.alenmultimedia.es\/emao\/wp-json\/wp\/v2\/comments?post=5656"}],"version-history":[{"count":19,"href":"https:\/\/demo.alenmultimedia.es\/emao\/wp-json\/wp\/v2\/pages\/5656\/revisions"}],"predecessor-version":[{"id":5957,"href":"https:\/\/demo.alenmultimedia.es\/emao\/wp-json\/wp\/v2\/pages\/5656\/revisions\/5957"}],"wp:attachment":[{"href":"https:\/\/demo.alenmultimedia.es\/emao\/wp-json\/wp\/v2\/media?parent=5656"}],"curies":[{"name":"wp","href":"https:\/\/api.w.org\/{rel}","templated":true}]}}